uppose 182 = 12*r + 62. Calculate the highest common divisor of r and 2.
2
Let q(x) = -29*x + 8. Let i be q(-6). Let a(k) = 2*k**3 - 5*k**2 + 3*k - 4. Let w be a(3). What is the greatest common factor of i and w?
14
Suppose -8*v + 4*v = -12. Let k(u) be the third derivative of u**4/6 - u**3 + u**2. Let z be k(v). Calculate the greatest common divisor of 66 and z.
6
Let u = -133 + 353. Calculate the highest common divisor of u and 40.
20
Let j(k) = 4*k. Let t be j(2). Suppose 322 = 5*m - 198. What is the highest common factor of t and m?
8
Let a(j) = -8*j**3 - 2*j**2 + j + 2. Let w be a(-1). Suppose -194 - 51 = -w*i. What is the greatest common factor of 5 and i?
5
Let k(r) = -r + 1. Let z be k(-2). Suppose -3*s = -2*a + 51, 4*a + 0*s - z*s = 111. Let j = -340 - -670. Calculate the highest common divisor of a and j.
30
Let i(j) = j**3 + 20*j**2 + 19*j + 2. Let z be i(-19). Calculate the highest common factor of 10 and z.
2
Let r(u) = u + 1. Let n be r(-9). Let g be (n/12)/1*-12. Let m = 21 - g. Calculate the highest common divisor of 13 and m.
13
Let q be (-16 - -14)/(-2)*(27 + 1). What is the greatest common factor of 35 and q?
7
Let s = 20 + -3. Suppose -25 = -n - s. What is the greatest common factor of n and 64?
8
Suppose 4*o - 3*c = 2*o, -o - c = -5. Suppose 0*a = 4*a + 688. Let q be a/(-14) + (-8)/28. What is the greatest common factor of q and o?
3
Suppose -12*g = -9*g + 39. Suppose 5*s = -3*c - 100, 5*c + 1 = -5*s - 149. Let n = g - c. Calculate the greatest common divisor of n and 18.
6
Let c(s) = -8*s - 2. Let b be c(-3). Suppose -3*t = 3*j - 6, -31*j + 2*t + 2 = -32*j. Let r be (b/j - -1)*6. What is the greatest common factor of r and 84?
28
Let l be -121 + 126 - (-5 - (1 + 0)). What is the highest common divisor of l and 3?
1
Let z be 1 + 225/1 + 100/(-50). Calculate the greatest common divisor of 14 and z.
14
Let h = 589 - 374. What is the greatest common divisor of h and 172?
43
Let c = -74 - -81. What is the greatest common factor of c and 133?
7
Let y(h) = 6*h**2 + 4*h - 8. Let w be y(3). Calculate the greatest common factor of w and 1508.
58
Let j(z) = 8*z + 5. Let v be j(3). Let b = -16 + v. Let l(s) = -s**2 + 52. Let f be l(0). Calculate the greatest common factor of b and f.
13
Let k be (1263/27 - -3) + 4/18. Calculate the greatest common divisor of 30 and k.
10
Let x = 133 + -97. Suppose 17*c - x = 15. Calculate the highest common factor of c and 8.
1
Let t(n) be the second derivative of -7*n**5/20 - n**4/6 - n**3/2 - n. Let s be t(-2). Suppose 0*a = 3*a - s. What is the highest common factor of a and 9?
9
Suppose -43*u - 248 = -45*u. Let a be (-3)/3*-1*31. What is the greatest common factor of a and u?
31
Let t(v) = 15*v**2 - v + 1. Let k be (1 - 2)*(-8 - -3). Let h = 6 - k. Let u be t(h). Calculate the highest common factor of u and 75.
15
Let f be (18/(-15))/(3/(-490)). Calculate the greatest common factor of 56 and f.
28
Suppose 12 = 3*x, -x = l + x - 11. Suppose 2*v - l*z - 23 = 0, -3*v + 5 = -v + 3*z. Suppose -2*a = -6*a + 252. Calculate the greatest common factor of v and a.
7
Suppose -3*q = 5*s - 24, -2*s = 2*q + q - 15. Let h(j) = 15*j - 6. Let w be h(1). Calculate the greatest common factor of q and w.
3
Suppose 99 = -7*i + 43. Let u = 2047 + 413. Let n be u/45 + i/(-6). Calculate the greatest common divisor of n and 14.
14
Let g be (-107)/7 + (-2)/(-7). Suppose -71*a + 270 = -66*a. Let z be 50/g*a/(-5). Calculate the greatest common divisor of 4 and z.
4
Suppose -335 = -3*w - 5*k + 9*k, 2*w - 238 = -k. Calculate the greatest common divisor of w and 26.
13
Let h(m) = 11*m + 149. Let u be h(2). Calculate the highest common divisor of u and 399.
57
Suppose -185 + 571 = l - r, 4*r = -8. What is the highest common divisor of l and 96?
96
Let k be 3*(23 - (2 - 2)). Calculate the greatest common factor of k and 759.
69
Suppose -3*i + 2*m = 5*m + 6, m + 5 = -4*i. Let f be 26 - (i/(-3) + 3/(-9)). What is the greatest common factor of f and 52?
26
Let b(l) = l**3 + 13*l**2 + 9*l + 27. Let z be b(-12). What is the highest common factor of 21 and z?
21
Suppose 4*a - 22 = 2*a. Suppose 0 = -a*z + 3*z + 16. Calculate the highest common factor of 2 and z.
2
Suppose 5*w = -2*g + 224, 4*g - 337 = -4*w + 111. What is the greatest common divisor of 16 and g?
16
Let a(k) = 2*k**3 + 16*k**2 - k - 8. Let o be a(-8). Let x be 12/((2 - o)/(0 + 2)). Calculate the highest common divisor of 9 and x.
3
Let m = 12 + 1. Let w(t) = t - 9. Let b be w(m). Let l be 55/b - (-1)/4. What is the highest common factor of l and 7?
7
Suppose 18*c - 22*c - 550 = -5*r, -86 = -r - 4*c. Calculate the greatest common factor of r and 4.
2
Let j = -11 - -11. Suppose 21 = 3*n - 3*g + 4*g, -5*g - 15 = j. Calculate the greatest common divisor of n and 8.
8
Let m = -373 + 135. Let h = -22 - m. What is the highest common divisor of h and 27?
27
Let o(l) = -2*l**3 + 52*l**2 + 54*l + 11. Let j be o(27). What is the greatest common factor of j and 803?
11
Let t = 70 - 62. Suppose 4*c = t*c - 140. What is the greatest common divisor of 385 and c?
35
Suppose 0 = 2*a - 9 + 15. Let r be (9/6 - 6)/(a/4). Calculate the greatest common divisor of r and 9.
3
Let z = 1859 - 1822. What is the highest common factor of 2183 and z?
37
Let j be (-6)/((-252)/30) + (-2)/(-7). Let y be (2 - j)/(1/32). What is the highest common factor of 320 and y?
32
Let q(t) be the third derivative of -3*t**4/8 + 2*t**3/3 - t**2. Let f be q(-8). What is the highest common divisor of 190 and f?
38
Suppose -225 = -s + 48. Suppose 8*c - s = c. What is the highest common factor of 429 and c?
39
Let h = -406 + 288. Let u = h - -151. Calculate the highest common factor of 66 and u.
33
Let j be (-9)/24 - (-566)/16. Let o = -34 + j. Suppose -9 + o = -4*k. What is the highest common divisor of k and 5?
1
Let x = 73 - 70. Suppose 2*h - 62 = -x*d, -4*d - 3*h + 133 - 52 = 0. Let c = -77 + 137. What is the highest common divisor of d and c?
12
Suppose n + 4 = -3*x + 6, x = -4*n - 14. Suppose 3*y + x*y = 160. What is the highest common divisor of y and 224?
32
Suppose 20*d = 89 + 11. Let g = -12 - -17. What is the highest common divisor of g and d?
5
Suppose 2*h + 0*j = -j + 183, h - 78 = 4*j. What is the highest common divisor of h and 54?
18
Let j(g) = 5*g**2 - 4*g + 6. Let i be j(4). Suppose i = p + 2*n, -4*p - 4*n - 26 + 286 = 0. Calculate the highest common factor of 24 and p.
12
Suppose 5*o = -25, 0 = -4*f + 3*o - 0*o + 103. Calculate the highest common divisor of 66 and f.
22
Let z = -757 + 937. Calculate the greatest common factor of 150 and z.
30
Let j be (380 + 5 - 0) + -7. Calculate the highest common divisor of 486 and j.
54
Let d = 28 + -18. Suppose -5*r + d = k - 16, k + 4*r = 24. What is the greatest common factor of k and 144?
16
Let r(o) = 6*o + 18. Let b be r(6). What is the greatest common divisor of b and 144?
18
Suppose 4*c - 145 = 4*o - 9*o, -o = -5. Calculate the highest common factor of c and 135.
15
Let c(s) = 2*s + 39. Let k(i) = i + 40. Let d(a) = -7*c(a) + 6*k(a). Let w be d(-12). Calculate the highest common divisor of 9 and w.
9
Let l be 4/(-2) + -1 - 172. Let i = l - -350. What is the greatest common factor of i and 35?
35
Let b = 124 + -122. Suppose -892 + 56 = -b*t. What is the greatest common factor of t and 38?
38
Let b = -45 + 54. Let f(q) = 2*q**2 - 12*q - 12. Let x be f(b). Calculate the greatest common divisor of x and 378.
42
Let r = -965 + 1482. What is the highest common divisor of 11 and r?
11
Let q be -2 + -133 - 4/1. Let d = -27 - q. Let s = 2 + 14. What is the highest common factor of s and d?
16
Suppose 0 = 2*f + 29 + 3. Let v be f/56 - (-363)/21. What is the greatest common factor of 17 and v?
17
Let o(x) = 74*x + 1. Let z(n) = -2*n + 7. Let k be z(3). Let s be o(k). What is the greatest common divisor of s and 15?
15
Let k be 1/(-6) - ((-1708)/24 - 7). Calculate the highest common factor of k and 286.
26
Suppose -9*h + 294 = 15. Let d = h + -1. Calculate the highest common divisor of 15 and d.
15
Let x(b) = -b**2 + 4*b + 12. Let i be x(7). Let m be (i - 9)*(-8)/(-6). Let r be -3*m/20*25. What is the greatest common factor of 10 and r?
10
Suppose 0 = -3*s - 4*b + 32, 22 = 3*s + b - 22. Suppose 4*l - s - 80 = 0. What is the greatest common factor of l and 3?
3
Su